42 is divided by 9.
8
What is the remainder when 209 is divided by 36?
29
Calculate the remainder when 733 is divided by 57.
49
Calculate the remainder when 7563 is divided by 47.
43
Calculate the remainder when 118 is divided by 53.
12
Calculate the remainder when 252 is divided by 23.
22
What is the remainder when 59 is divided by 17?
8
Calculate the remainder when 3155 is divided by 353.
331
What is the remainder when 562 is divided by 278?
6
Calculate the remainder when 16 is divided by 9.
7
What is the remainder when 107 is divided by 11?
8
Calculate the remainder when 506 is divided by 497.
9
What is the remainder when 2463 is divided by 32?
31
Calculate the remainder when 1956 is divided by 177.
9
What is the remainder when 766 is divided by 149?
21
Calculate the remainder when 29 is divided by 11.
7
What is the remainder when 291 is divided by 34?
19
Calculate the remainder when 210 is divided by 203.
7
What is the remainder when 9084 is divided by 14?
12
Calculate the remainder when 53 is divided by 27.
26
What is the remainder when 92 is divided by 9?
2
What is the remainder when 510 is divided by 52?
42
Calculate the remainder when 133 is divided by 125.
8
Calculate the remainder when 123 is divided by 12.
3
Calculate the remainder when 638 is divided by 239.
160
What is the remainder when 339 is divided by 183?
156
Calculate the remainder when 1269 is divided by 105.
9
Calculate the remainder when 2369 is divided by 79.
78
What is the remainder when 120 is divided by 75?
45
What is the remainder when 798 is divided by 127?
36
Calculate the remainder when 360 is divided by 19.
18
Calculate the remainder when 83 is divided by 13.
5
Calculate the remainder when 133 is divided by 40.
13
Calculate the remainder when 4028 is divided by 29.
26
Calculate the remainder when 2309 is divided by 19.
10
What is the remainder when 447 is divided by 151?
145
Calculate the remainder when 334 is divided by 14.
12
What is the remainder when 322 is divided by 55?
47
What is the remainder when 205 is divided by 64?
13
What is the remainder when 173 is divided by 102?
71
What is the remainder when 61 is divided by 39?
22
Calculate the remainder when 470 is divided by 119.
113
What is the remainder when 214 is divided by 81?
52
Calculate the remainder when 4977 is divided by 30.
27
What is the remainder when 395 is divided by 19?
15
Calculate the remainder when 9183 is divided by 3061.
0
Calculate the remainder when 210 is divided by 63.
21
What is the remainder when 14 is divided by 7?
0
Calculate the remainder when 2985 is divided by 983.
36
Calculate the remainder when 1535 is divided by 4.
3
Calculate the remainder when 142 is divided by 4.
2
Calculate the remainder when 823 is divided by 33.
31
Calculate the remainder when 1985 is divided by 40.
25
Calculate the remainder when 942 is divided by 7.
4
Calculate the remainder when 66 is divided by 28.
10
Calculate the remainder when 692 is divided by 33.
32
Calculate the remainder when 191 is divided by 5.
1
Calculate the remainder when 460 is divided by 66.
64
Calculate the remainder when 458 is divided by 48.
26
Calculate the remainder when 455 is divided by 92.
87
Calculate the remainder when 167 is divided by 84.
83
What is the remainder when 1149 is divided by 15?
9
What is the remainder when 3710 is divided by 65?
5
What is the remainder when 689 is divided by 115?
114
Calculate the remainder when 1030 is divided by 93.
7
Calculate the remainder when 507 is divided by 235.
37
Calculate the remainder when 111 is divided by 28.
27
Calculate the remainder when 1225 is divided by 123.
118
Calculate the remainder when 3262 is divided by 1624.
14
Calculate the remainder when 63 is divided by 15.
3
Calculate the remainder when 436 is divided by 23.
22
Calculate the remainder when 2632 is divided by 176.
168
What is the remainder when 299 is divided by 10?
9
What is the remainder when 1318 is divided by 114?
64
What is the remainder when 270 is divided by 21?
18
Calculate the remainder when 126 is divided by 8.
6
What is the remainder when 137 is divided by 35?
32
Calculate the remainder when 11444 is divided by 54.
50
Calculate the remainder when 4837 is divided by 59.
58
What is the remainder when 60 is divided by 41?
19
What is the remainder when 131 is divided by 28?
19
Calculate the remainder when 38 is divided by 20.
18
Calculate the remainder when 287 is divided by 155.
132
What is the remainder when 163 is divided by 24?
19
What is the remainder when 443 is divided by 8?
3
What is the remainder when 75 is divided by 11?
9
Calculate the remainder when 2225 is divided by 106.
105
What is the remainder when 171 is divided by 24?
3
Calculate the remainder when 3290 is divided by 43.
22
Calculate the remainder when 2689 is divided by 270.
259
What is the remainder when 3073 is divided by 53?
52
Calculate the remainder when 372 is divided by 87.
24
What is the remainder when 799 is divided by 162?
151
Calculate the remainder when 29 is divided by 17.
12
What is the remainder when 173 is divided by 27?
11
Calculate the remainder when 864 is divided by 52.
32
Calculate the remainder when 166 is divided by 41.
2
Calculate the remainder when 2979 is divided by 4.
3
Calculate the remainder when 3695 is divided by 19.
9
Calculate the remainder when 129 is divided by 121.
8
Calculate the remainder when 277 is divided by 265.
12
What is the remainder when 1156 is divided by 19?
16
Calculate the remainder when 3296 is divided by 1629.
38
What is the remainder when 113 is divided by 24?
17
Calculate the remainder when 79 is divided by 23.
10
What is the remainder when 3386 is divided by 14?
12
Calculate the remainder when 390 is divided by 3.
0
What is the remainder when 233 is divided by 148?
85
What is the remainder when 5450 is divided by 287?
284
Calculate the remainder when 397 is divided by 23.
6
Calculate the remainder when 3343 is divided by 127.
41
Calculate the remainder when 4662 is divided by 29.
22
What is the remainder when 88 is divided by 82?
6
Calculate the remainder when 1302 is divided by 10.
2
Calculate the remainder when 417 is divided by 60.
57
Calculate the remainder when 800 is divided by 24.
8
Calculate the remainder when 36 is divided by 32.
4
What is the remainder when 274 is divided by 73?
55
Calculate the remainder when 351 is divided by 71.
67
Calculate the remainder when 140 is divided by 44.
8
What is the remainder when 561 is divided by 71?
64
What is the remainder when 25 is divided by 20?
5
Calculate the remainder when 972 is divided by 17.
3
Calculate the remainder when 429 is divided by 31.
26
Calculate the remainder when 69 is divided by 9.
6
Calculate the remainder when 1090 is divided by 42.
40
Calculate the remainder when 568 is divided by 83.
70
Calculate the remainder when 902 is divided by 21.
20
What is the remainder when 1451 is divided by 112?
107
Calculate the remainder when 567 is divided by 142.
141
Calculate the remainder when 463 is divided by 147.
22
What is the remainder when 1433 is divided by 84?
5
What is the remainder when 6272 is divided by 4?
0
Calculate the remainder when 364 is divided by 73.
72
Calculate the remainder when 205 is divided by 191.
14
What is the remainder when 268 is divided by 40?
28
What is the remainder when 150 is divided by 77?
73
What is the remainder when 790 is divided by 30?
10
What is the remainder when 193 is divided by 116?
77
Calculate the remainder when 194 is divided by 18.
14
What is the remainder when 231 is divided by 222?
9
What is the remainder when 201 is divided by 7?
5
Calculate the remainder when 1185 is divided by 36.
33
Calculate the remainder when 159 is divided by 158.
1
Calculate the remainder when 90 is divided by 17.
5
What is the remainder when 421 is divided by 101?
17
Calculate the remainder when 105 is divided by 23.
13
What is the remainder when 1888 is divided by 127?
110
What is the remainder when 92 is divided by 29?
5
Calculate the remainder when 7445 is divided by 102.
101
What is the remainder when 183 is divided by 67?
49
What is the remainder when 1627 is divided by 22?
21
Calculate the remainder when 389 is divided by 15.
14
What is the remainder when 33 is divided by 13?
7
What is the